{"id":20178,"date":"2024-09-26T19:15:49","date_gmt":"2024-09-26T16:15:49","guid":{"rendered":"https:\/\/www.semica.com.tr\/?post_type=product&#038;p=20178"},"modified":"2024-09-26T19:23:00","modified_gmt":"2024-09-26T16:23:00","slug":"caprida","status":"publish","type":"product","link":"https:\/\/www.semica.com.tr\/index.php\/urun\/caprida\/","title":{"rendered":"<font color=\"green\">Caprida<\/font>"},"content":{"rendered":"","protected":false},"excerpt":{"rendered":"<p><strong>ORGANOMINERAL \u00dcR\u00dcNLER<\/strong><br \/>\n<strong>AZOTLU SIVI ORGANOMINERAL G\u00dcBRE<\/strong><\/p>\n<p><strong>GARANTi EDILEN iCERiK. W\/W<\/strong><br \/>\nOrganik Madde. %10<br \/>\nToplam Azot (N) % 9<br \/>\nNitrat Azot (N) %8<br \/>\nOrganik Azot (N) %1<br \/>\nSuda C\u00f6z\u00fcn\u00fcr Kalsivum Oksit (CaO) %12<br \/>\nSuda \u00c7\u00f6z\u00fcn\u00fcr Magnezyum Oksit (MgO) %2<br \/>\nSuda \u00c7\u00f6z\u00fcn\u00fcr Bor (B) %0,3<br \/>\nSuda C\u00f6z\u00fcn\u00fcr Molibden (Mo) %0,006<br \/>\nSerbest Aminoasit %4<br \/>\nMaksimum Klor %1<br \/>\npH 4,1-6,1<\/p>\n<p><button type=\"button\"><a class=\"btn btn-success\" href=\"http:\/\/semica.com.tr\/etiketler\/caprida.jpg\" target=\"_blank\" rel=\"noopener\">Etiket Bilgileri i\u00e7in T\u0131klay\u0131n\u0131z<\/a><\/button><\/p>\n","protected":false},"featured_media":20182,"comment_status":"open","ping_status":"closed","template":"","meta":[],"_links":{"self":[{"href":"https:\/\/www.semica.com.tr\/index.php\/wp-json\/wp\/v2\/product\/20178"}],"collection":[{"href":"https:\/\/www.semica.com.tr\/index.php\/wp-json\/wp\/v2\/product"}],"about":[{"href":"https:\/\/www.semica.com.tr\/index.php\/wp-json\/wp\/v2\/types\/product"}],"replies":[{"embeddable":true,"href":"https:\/\/www.semica.com.tr\/index.php\/wp-json\/wp\/v2\/comments?post=20178"}],"wp:featuredmedia":[{"embeddable":true,"href":"https:\/\/www.semica.com.tr\/index.php\/wp-json\/wp\/v2\/media\/20182"}],"wp:attachment":[{"href":"https:\/\/www.semica.com.tr\/index.php\/wp-json\/wp\/v2\/media?parent=20178"}],"curies":[{"name":"wp","href":"https:\/\/api.w.org\/{rel}","templated":true}]}}